ainder when 971 is divided by 355?
261
Calculate the remainder when 48353 is divided by 12083.
21
What is the remainder when 11559 is divided by 3812?
123
Calculate the remainder when 16235 is divided by 239.
222
What is the remainder when 766 is divided by 109?
3
Calculate the remainder when 769 is divided by 102.
55
What is the remainder when 35044 is divided by 138?
130
Calculate the remainder when 148 is divided by 20.
8
What is the remainder when 32624 is divided by 2505?
59
What is the remainder when 4224 is divided by 609?
570
What is the remainder when 677717 is divided by 20?
17
What is the remainder when 85519 is divided by 29?
27
What is the remainder when 1680838 is divided by 1334?
1332
What is the remainder when 32807 is divided by 13?
8
Calculate the remainder when 5428 is divided by 1348.
36
Calculate the remainder when 1442 is divided by 483.
476
Calculate the remainder when 1801 is divided by 11.
8
Calculate the remainder when 16856 is divided by 16.
8
Calculate the remainder when 7580 is divided by 126.
20
Calculate the remainder when 846 is divided by 177.
138
Calculate the remainder when 28991 is divided by 1525.
16
What is the remainder when 41304 is divided by 41261?
43
What is the remainder when 767 is divided by 189?
11
What is the remainder when 14462 is divided by 69?
41
Calculate the remainder when 28292 is divided by 5656.
12
What is the remainder when 217 is divided by 97?
23
Calculate the remainder when 4972 is divided by 4898.
74
What is the remainder when 23164 is divided by 23114?
50
Calculate the remainder when 517398 is divided by 1287.
24
What is the remainder when 67434 is divided by 6738?
54
Calculate the remainder when 13631 is divided by 6765.
101
What is the remainder when 98505 is divided by 10945?
0
What is the remainder when 761112 is divided by 69192?
0
What is the remainder when 9862 is divided by 26?
8
What is the remainder when 27607 is divided by 5517?
22
Calculate the remainder when 1040 is divided by 414.
212
What is the remainder when 914 is divided by 268?
110
What is the remainder when 2602 is divided by 555?
382
What is the remainder when 6626 is divided by 212?
54
Calculate the remainder when 3904 is divided by 726.
274
What is the remainder when 2195 is divided by 63?
53
What is the remainder when 634406 is divided by 556?
10
Calculate the remainder when 33401 is divided by 16687.
27
Calculate the remainder when 3289 is divided by 1498.
293
Calculate the remainder when 94715 is divided by 53.
4
Calculate the remainder when 3736 is divided by 3503.
233
Calculate the remainder when 1225 is divided by 381.
82
What is the remainder when 4858 is divided by 672?
154
Calculate the remainder when 14491 is divided by 96.
91
What is the remainder when 2620 is divided by 2005?
615
What is the remainder when 372718 is divided by 7308?
10
Calculate the remainder when 309 is divided by 76.
5
What is the remainder when 7985 is divided by 997?
9
Calculate the remainder when 1183 is divided by 128.
31
What is the remainder when 4098 is divided by 1941?
216
What is the remainder when 191 is divided by 146?
45
What is the remainder when 1885216 is divided by 19?
17
Calculate the remainder when 40896 is divided by 122.
26
What is the remainder when 3962 is divided by 927?
254
Calculate the remainder when 301298 is divided by 92.
90
Calculate the remainder when 1151 is divided by 157.
52
What is the remainder when 12892 is divided by 6436?
20
Calculate the remainder when 5542 is divided by 150.
142
What is the remainder when 46699 is divided by 91?
16
What is the remainder when 6753 is divided by 75?
3
What is the remainder when 115741 is divided by 30?
1
Calculate the remainder when 1385389 is divided by 7.
5
What is the remainder when 9196 is divided by 146?
144
Calculate the remainder when 1610 is divided by 7.
0
What is the remainder when 851 is divided by 702?
149
What is the remainder when 2899040 is divided by 31?
13
What is the remainder when 36357 is divided by 586?
25
Calculate the remainder when 8248 is divided by 2737.
37
Calculate the remainder when 1334 is divided by 117.
47
Calculate the remainder when 10469 is divided by 1596.
893
Calculate the remainder when 246103 is divided by 1893.
13
What is the remainder when 2208 is divided by 941?
326
What is the remainder when 131231 is divided by 605?
551
Calculate the remainder when 2353 is divided by 797.
759
What is the remainder when 5215 is divided by 52?
15
Calculate the remainder when 7757 is divided by 215.
17
Calculate the remainder when 549 is divided by 273.
3
Calculate the remainder when 1842 is divided by 84.
78
Calculate the remainder when 1517 is divided by 120.
77
What is the remainder when 24469 is divided by 5790?
1309
What is the remainder when 388736 is divided by 380?
376
What is the remainder when 1792 is divided by 1640?
152
Calculate the remainder when 967 is divided by 578.
389
What is the remainder when 2545 is divided by 11?
4
What is the remainder when 4580314 is divided by 12?
10
What is the remainder when 41476 is divided by 518?
36
What is the remainder when 226864 is divided by 35?
29
Calculate the remainder when 4747 is divided by 529.
515
Calculate the remainder when 6325 is divided by 1578.
13
What is the remainder when 1446 is divided by 281?
41
What is the remainder when 6355 is divided by 17?
14
What is the remainder when 879 is divided by 826?
53
What is the remainder when 6222 is divided by 156?
138
What is the remainder when 11134 is divided by 1390?
14
Calculate the remainder when 975 is divided by 310.
45
What is the remainder when 570347 is divided by 36?
35
What is the remainder when 2200 is divided by 2153?
47
What is the remainder when 969 is divided by 246?
231
Calculate the remainder when 6346961 is divided by 338.
335
Calculate the remainder when 1023 is divided by 11.
0
Calculate the remainder when 27497 is divided by 289.
42
What is the remainder when 18998 is divided by 77?
56
Calculate the remainder when 70733 is divided by 45.
38
Calculate the remainder when 30733 is divided by 1463.
10
What is the remainder when 635258 is divided by 5882?
2
Calculate the remainder when 13648 is divided by 547.
520
Calculate the remainder when 2834 is divided by 2801.
33
What is the remainder when 14503 is divided by 338?
307
What is the remainder when 74201 is divided by 97?
93
What is the remainder when 3240 is divided by 985?
285
What is the remainder when 96783 is divided by 1125?
33
Calculate the remainder when 6671 is divided by 207.
47
What is the remainder when 244820 is divided by 606?
602
What is the remainder when 7149 is divided by 55?
54
What is the remainder when 24486 is divided by 184?
14
Calculate the remainder when 14530 is divided by 441.
418
What is the remainder when 2305 is divided by 28?
9
What is the remainder when 6975 is divided by 6932?
43
What is the remainder when 90054 is divided by 8?
6
Calculate the remainder when 38698 is divided by 18.
16
What is the remainder when 64775 is divided by 18?
11
What is the remainder when 72547 is divided by 25?
22
What is the remainder when 28116 is divided by 8?
4
Calculate the remainder when 3365 is divided by 990.
395
What is the remainder when 30087 is divided by 376?
7
What is the remainder when 46785 is divided by 530?
145
What is the remainder when 222 is divided by 189?
33
What is the remainder when 55003 is divided by 13749?
7
What is the remainder when 21943 is divided by 360?
343
What is the remainder when 17730 is divided by 4403?
118
What is the remainder when 12014 is divided by 347?
216
Calculate the remainder when 13035 is divided by 247.
191
What is the remainder when 827 is divided by 221?
164
Calculate the remainder when 867343 is divided by 9.
4
What is the remainder when 17502 is divided by 144?
78
What is the remainder when 158355 is divided by 174?
15
Calculate the remainder when 351913 is divided by 126.
121
Calculate the remainder when 175285 is divided by 7.
5
What is the remainder when 1726228 is divided by 949?
946
Calculate the remainder when 12566 is divided by 698.
2
Calculate the remainder when 49580 is divided by 3098.
12
What is the remainder when 9999 is divided by 719?
652
Calculate the remainder when 19262